at is the value of -3 + 9 + (-59 - 21) - -8?
-66
Evaluate 3 - (333 - 203 - (5 - 4 - -11)).
-115
Evaluate -5 - 10 - -68 - (-1 + 1 + -15 + 23).
45
-17 - (191 + -186 - (1 + 0 + 1))
-20
Evaluate 48 + (-27 - (10 - 122)).
133
Calculate -24 + -17 - (84 - 70).
-55
61 + -62 + 1 + -14 + 15 + 33
34
Evaluate -66 + 63 + (-2 - -7) + -4 + -4 + 10.
4
Calculate 34 - (38 - 19) - ((8 - 4) + -20).
31
24 + (-32 + -12 - -23) + (-9 - 0)
-6
What is the value of (-863 - -949) + (-4 - 86)?
-4
Calculate 2 - (-9 - (3 - 22) - 9).
1
What is 98 + (-77 - -31 - 1)?
51
Calculate (-1 - -60) + (-139 - -60 - -67).
47
(8 - (-14 + 32)) + 8 - 11
-13
Calculate -22 - -4 - (8 + -13 + 15 + -2).
-26
Evaluate 7 + -1 - ((-13 - -17 - (-10 + 14)) + 12).
-6
What is -5867 - -5957 - (76 + 1)?
13
Calculate -1957 + 1904 - (2 + -9).
-46
What is -221 - -170 - (13 + (46 - -4))?
-114
Evaluate 69 + -7 - ((-22 - -21 - -1) + -20).
82
Calculate 1 + -36 + 0 + 22.
-13
15 - (57 + 26 + -16)
-52
Evaluate (-10 + 16 - -24) + (102 - 89).
43
Calculate 35 + 23 + (-68 - (0 + -34)).
24
What is -34 + (18 - -5 - -116 - 33)?
72
29 + -35 + 17 + 27 + -1
37
What is the value of 6 + -7 - -10 - (-42 - (16 - 5 - 14))?
48
Calculate -15 + 0 - (-49 - (-23 + 22)).
33
What is 27 + -3 + (54 - -35) + -51?
62
-23 - (-10 - (-95 + -8 + 19 + -14))
-111
What is -71 + -21 - (1 - 0 - ((7 - 44) + 44))?
-86
What is 2182 + -2396 - (-80 - 1)?
-133
What is the value of -5787 - -5866 - (2 + (5 + -1 - 2))?
75
Calculate 5 - (5 - -96) - (17 - (4 - -16) - -16).
-109
Evaluate -20 - (-9 - (-16 + -26 - -8)).
-45
Calculate -7 + 0 + 2 - (-12 - (-35 + 57) - -18).
11
What is the value of 57 - (225 + -74 + -48)?
-46
Evaluate (28 - 8) + (85 + -109 - (16 + -3)).
-17
Evaluate 67 + -122 + (-20 - -99).
24
What is the value of (118 - (-47 - -110)) + -179?
-124
What is the value of 0 - (-99 - -2 - (75 - 98) - 11)?
85
What is -79 - (-97 + (-75 - -121))?
-28
What is the value of (-10455 - -10409) + 97 + 1?
52
What is the value of 22 + -6 - (524 - 535 - (0 - 18))?
9
(-58 - 11) + 10 + (-4 - (-1 - 16 - -8))
-54
What is 9 - 19 - (-4 + -2 + 4 + 11 + -3)?
-16
Calculate 106 + (12 - 103) + -115.
-100
Evaluate 16 - (-29 + (-1 - -16) + -70).
100
Evaluate 191 + -165 + -43 + 1 + (1 - -6) + -70.
-79
Evaluate 2 + 18 + -5218 + 5225.
27
Evaluate -110 + (4 + 1 + 28 - 13).
-90
(19 - 4) + (-88 - -47) - (2 + 6)
-34
(-8 + 11 - 6 - -51) + (18 - 13)
53
-9 - (-4 + 10 - -3 - 5 - 0)
-13
(0 - (3 + 57)) + -11 + (-5 - -10 - 6)
-72
Calculate (1 - (34 + -69)) + 17.
53
What is the value of 5415 - 5280 - (2 - (3 + -44))?
92
-38 + -10 + 9 - -12
-27
What is the value of 738 - 752 - (0 - (-42 - (-4 + 6)))?
-58
Evaluate 169 + (76 - 189) + -87.
-31
Calculate -74 + 8 + -13 + 8 + (-4 - 17 - -11).
-81
What is -23 + 1 + 240 + -91 + -155?
-28
Calculate -1 + -1 + (-3 + 8 - 12) + 45 + 17.
53
Evaluate 98 - (14 + (7 - 4) - -17).
64
Evaluate 2 - (3 + 9 + 2 + -1 + 30).
-41
What is the value of (4 - 17) + (97 + 0 - (-53 + 9 + 44))?
84
(4 - ((17 - 15) + 3 + (5 - -1))) + -10
-17
Evaluate 1 + (16 - (14 - 3) - -10) + -42.
-26
What is 59 + (-61 - 65 - -127)?
60
Calculate 36 + -249 - -67 - (5 + 2 - -1) - 1.
-155
What is the value of -158 + (-178 - -334) + (-1 - (-80 + -2))?
79
What is the value of -6 + 34 + -18 + 0 + -13?
-3
Evaluate -8 + -1 + 18 - (8 + 2) - (19 + -75).
55
(29 - (-10 - 18)) + -32
25
What is (1 - (-3 - -4)) + -129 + 115 + 2?
-12
What is the value of (-1 - 6) + 16 + -1 + -12 + -1 + 11?
6
Evaluate -19 + (-60 - (14 + -49)).
-44
(-3 - -31) + 19 - 31 - 87
-71
What is the value of 8 + (65 - (129 - 11))?
-45
Evaluate -4 - (-43 - (23 + 36 + -79)).
19
(-2 - 9 - -4) + (8 + -40 - (-37 - -24))
-26
What is (-16627 - -16551) + (-5 - (2 + (3 - 2 - 3)))?
-81
Evaluate (-5 + 5 - (-10 - -32)) + (-86 - -23).
-85
What is -85 - ((-8 + 5 - 18) + 43 + 2)?
-109
Evaluate 1 + 2 + (87 - -66) + -115 + 1.
42
-116 + 64 + 53 + -47 + 2
-44
38 - (-6 - 2 - (378 + -524))
-100
(-2 - 1) + -46 + 52 + -33 + -20 + -8
-58
What is the value of (35 - 14) + -15 + -1 + -47?
-42
Evaluate 10 + -35 + (-12 - (-36 + 22)).
-23
What is the value of 4 + -6 + 9 + (-4 - 0) - 6?
-3
What is -1 - 138 - ((71 - 71 - 3) + 11)?
-147
Calculate (4 - (-33 - -32)) + 1 + -34 + 1.
-27
Evaluate -149 + (28 - (-39 - -12)).
-94
What is the value of 103 + (49 - (225 + -83))?
10
Calculate 21 + (-2 - 1) - (168 + -125).
-25
(4 + -15 - -3) + 1 + 52 + -27
18
-103 + -66 + (-73 - -191)
-51
Calculate -49 + 39 + (-7 + (65 - 11) - 7 - 9).
21
(34 - 10) + (2 - -58) + (5 - 2)
87
What is 37 + 14 + 16 + -39?
28
What is the value of 58 + (25 - (15 + 18)) + (8 - -10)?
68
161 + (-69 - (-153 - -129))
116
(22 - -1 - -5) + 373 + -357
44
Calculate 38 + -13 + 50 + 24 + -60.
39
-27 - ((-91 - -35 - -45) + (-4 - -3 - -6))
-21
What is 2 + (3 - -1) + -63 + 3 + 2 + 13?
-39
What is the value of -1 + -4 + 9 - (1 - -26 - (12 + -17))?
-28
Evaluate -4 + 5 - (13 - (9 + -7 + -11)).
-21
Calculate (-34 - -18 - -2) + (0 + 70 - (52 - 53)).
57
What is -1 + 58 + 2 + (70 - (111 - 40 - 14))?
72
What is the value of 22 - 43 - -20 - 10?
-11
(17 - -1) + (-40 - (-48 + -43 + 51))
18
Evaluate 7 + (-25 - 1 - -40 - -30).
51
What is (-13 - -17) + 5 + -32 - -16?
-7
(0 - 1 - (0 + 0) - 56) + (33333 - 33334)
-58
What is -1 - (-9 + 28 + -60)?
40
Evaluate -1 - -23 - (-26 + 236 + -231).
43
1 - ((31 + 11 - 20) + -21 + -6)
6
Evaluate (-20 - (-142 - -40)) + (-2 - 17).
63
16 - 34 - (17 + -29 + 0)
-6
Evaluate -98 + (13 - 25 - -86).
-24
84 - 38 - (9 - -31)
6
Calculate -36 - 0 - (1064 - 1026).
-74
What is the value of 27 - (71 + -46 - -4)?
-2
Evaluate (-28 + -108 - -65) + 23.
-48
Calculate 19 - 0 - (40 - (31 + -20)).
-10
What is the value of -14 - (-4 - -17 - 25) - (-6 + -28)?
32
Calculate -3 + 0 + -2 - (52 - (-73 - -47)) - 4.
-87
Calculate (-10 - -2) + (37 - (95 - 15)).
-51
What is the value of 4 + (-10 - ((-5 - -19) + -7))?
-13
Calculate 144 + (19 - (17 - -56)) + (1 - 4).
87
Calculate 9 - (0 + 2) - (-422 - -424).
5
What is the value of 8 - (-87 + (-38 - -86))?
47
What is the value of -31 - (-15 - 54 - -3)?
35
Calculate 49 + -4 + -425 + 340.
-40
What is 24 + (1 - (11 - -2) - -9) - -6?
27
What is (-16 + -6 - -34 - 65) + 13 + -4?
-44
Calculate -28 + 25 - (-1 + 41) - (-5 - -8 - 7).
-39
-29 + (-69 - -80) + -1 + 70
51
-131 - (-101 + 97 + -47)
-80
(745 - 736) + (-1 - (17 + (2 - 1 - 0)))
-10
What is (119 - 189) + -54 + 63?
-61
What is the value of 57 - (0 + 1 - 2 - 0) - 0?
58
(-45 - -53) + (0 - -1) + (34 - 28)
15
What is the value of -1861 + 1826 + (0 - -25)?
-10
What is -43 + -1 + -8 + 10 - (-10 + 6 + 0)?
-38
2 + (21 - -19) + -2
40
1362 - 1367 - (2 - -48)
-55
(8 + 6 - (0 + -4)) + (-16 - (-39 - -20))
21
Calculate -2 - -150 - (1 + 6 - (-3745 + 3733)).
129
-1 - ((0 - -5 - 1) + -12 + 76 + 5)
-74
Calculate -631 + 672 + (-2 - 93).
-54
What is -4 + 2 + -10 + -2 + (-7 - -59)?
38
Evaluate 323 - 297 - (8 - 18).
36
What is the value of 59 - (-91 - -20) - 80?
50
What is the value of 43 - 12 - ((-1 - 0) + 0)?
32
67 + -67 - ((5 - 0) + -4 + -19)
18
Calculate (50 - 154) + 346 + -120.
122
Calculate -3 + (-128 - -209 - 30).
48
What is the value of (-3 - -2 - (2 + 16 + -1 - 15)) + -52?
-55
Evaluate 24 + -16 + -26 + (34 - 12).
4
What is the value of -79 + 2 + (-285 - -297)?
-65
What is the value of 4 + -24 + 22 + -13 - 2 - (1 - 52)?
38
What is the value of -5 - (19 - 22) - -3 - (2 + 2) - -21?
18
What is (-133 - (0 + 1)) + (-246 + 21 - -230)?
-129
34 - ((-48 - -117) + -30)
-5
Evaluate 12 + (5 - -9) + (-15 - (-2 - 2)) + 18.
33
-16 + (11 - -10) - (61 + -2 + -4)
-50
What is (9 - (4 + -11 + -9)) + -8?
17
Evaluate -11 + (36 - 42) - -4 - -102.
89
Calculate -43 - -32 - (-7 - (2 - -27)).
25
What is (-2 - 221) + (1199 - 1090)?
-114
What is the value of -30 - (4 + -17) - (8 + -11)?
-14
Evaluate 1 + -5 + -70 + (24 - 2).
-52
Evaluate -41 - -1 - (-3288 - -3282).
-34
What is 34 + (39 - -42) - 203?
-88
5 + (33 - 7) - (8 + -6)
29
Evaluate 56 - (116 + (-136 - -124)).
-48
(-86 + 77 - (-2 + -6 - (-2 - 7))) + 136
126
-85 - (44 + -59 + (0 - 3 - (-28 - -18)))
-77
11 - 0 - (8 + (49 + 3 - 8))
-41
What is 24 + -217 + 207 + (1 + -3 - -105) - -8?
125
Calculate (185 + -75 - 75) + 24.
59
Evaluate -5 + ((-5 - 9) + 9 - 2) + -14 + -36.
-62
Calculate -38 + 50 + -1 + 0 + 35.
46
7 - (-4 + (-8 + -1 - -18)) - 46
-44
What is the value of -27 - -17 - (122 + -111)?
-21
What is the value of 22 - (-37 - 